mmon divisor of 48988 and 3874196?
148
Calculate the greatest common divisor of 972 and 29924.
4
Calculate the highest common divisor of 2312 and 62681210.
578
Calculate the greatest common factor of 11220739 and 3.
1
What is the highest common divisor of 630 and 6467055?
105
What is the greatest common divisor of 2318336 and 3962?
566
Calculate the highest common divisor of 3671282 and 280766.
3554
What is the greatest common factor of 15306120 and 7276?
68
Calculate the highest common divisor of 12984640 and 140.
20
Calculate the greatest common factor of 7865914 and 95067.
3521
Calculate the highest common divisor of 1520 and 17456915.
95
Calculate the greatest common factor of 4043667 and 3558.
1779
What is the greatest common divisor of 29975 and 135269?
109
What is the greatest common factor of 307490714 and 7856?
982
What is the greatest common divisor of 4823 and 4095871?
13
Calculate the greatest common factor of 3231081 and 9198.
63
Calculate the highest common divisor of 62 and 12330592.
2
Calculate the greatest common divisor of 154600 and 185600.
200
What is the greatest common divisor of 2661451 and 637?
13
What is the greatest common factor of 3683 and 6293?
29
What is the greatest common divisor of 76288 and 194048?
512
What is the greatest common divisor of 2269674813 and 7?
7
What is the greatest common divisor of 46 and 30980609?
23
Calculate the highest common factor of 834855 and 4305.
105
What is the highest common divisor of 15227229 and 9445?
1889
What is the greatest common divisor of 9 and 10738557?
9
What is the greatest common divisor of 1726 and 64061353?
863
What is the greatest common factor of 10360341 and 3222?
1611
What is the highest common divisor of 273 and 374156601?
273
Calculate the highest common divisor of 83192419 and 118.
59
What is the highest common factor of 19267156 and 12?
4
Calculate the highest common factor of 18290 and 1461430.
590
Calculate the greatest common factor of 8508 and 68964.
12
What is the greatest common factor of 9834657 and 1953?
651
Calculate the greatest common divisor of 625982 and 2499231.
427
Calculate the highest common factor of 119 and 6916960.
17
What is the greatest common factor of 2163322 and 28?
14
Calculate the highest common divisor of 17469540 and 55.
55
Calculate the greatest common factor of 1985375 and 10500.
875
Calculate the greatest common divisor of 54565036 and 323.
323
Calculate the greatest common divisor of 55 and 7742515.
55
What is the greatest common factor of 342208 and 566656?
64
Calculate the greatest common factor of 56 and 85217384.
56
Calculate the highest common factor of 372710 and 15250.
610
What is the greatest common divisor of 9509004 and 852?
12
What is the highest common divisor of 268711 and 26942?
709
What is the greatest common factor of 17480 and 3119720?
920
What is the greatest common divisor of 8993 and 1673227?
529
Calculate the greatest common divisor of 3809004 and 12204.
1356
What is the highest common divisor of 5265 and 1477515?
195
What is the greatest common factor of 4994 and 1468463?
227
Calculate the highest common divisor of 156072 and 435288.
168
Calculate the greatest common divisor of 59033844 and 108.
36
Calculate the highest common factor of 412 and 20479387.
103
Calculate the greatest common divisor of 5548782 and 85542.
318
Calculate the greatest common divisor of 945308 and 139496.
1484
Calculate the highest common divisor of 462 and 353178.
42
What is the highest common divisor of 1156816 and 119?
17
What is the highest common factor of 2588330 and 41410?
410
What is the greatest common factor of 4985628 and 96?
12
What is the highest common factor of 195 and 2158005?
15
What is the highest common divisor of 3537072 and 36?
36
Calculate the greatest common factor of 1283 and 35444.
1
Calculate the highest common factor of 15 and 7345755.
15
Calculate the highest common factor of 539706 and 94053.
879
What is the greatest common factor of 865888 and 205?
1
What is the greatest common divisor of 35807666 and 38?
38
Calculate the greatest common divisor of 7529683 and 188366.
4957
Calculate the greatest common divisor of 8389656 and 40392.
2376
What is the greatest common divisor of 128 and 18752992?
32
What is the greatest common factor of 41616570 and 253456?
4526
What is the highest common divisor of 705120 and 1650?
30
What is the highest common factor of 354712 and 34744?
808
Calculate the greatest common factor of 140 and 5341595.
35
Calculate the greatest common divisor of 1392 and 107475392.
464
What is the highest common divisor of 59957829 and 1413?
1413
What is the highest common divisor of 1183 and 1107028?
13
What is the highest common divisor of 9879802 and 22?
2
What is the greatest common factor of 729 and 447021990?
81
What is the highest common divisor of 2688 and 177308544?
2688
What is the greatest common factor of 2656 and 46995679?
83
Calculate the greatest common factor of 110145 and 2035060.
5245
Calculate the greatest common divisor of 964402 and 111511.
19
Calculate the highest common factor of 5921769 and 2142.
21
What is the highest common divisor of 9582 and 62902636?
3194
Calculate the greatest common factor of 8954869 and 1309.
1309
Calculate the highest common factor of 335 and 45149893.
67
What is the highest common factor of 1464 and 44006376?
1464
Calculate the greatest common factor of 15147 and 20471.
11
What is the highest common divisor of 114 and 803826?
6
What is the highest common divisor of 100980663 and 27596?
6899
Calculate the greatest common factor of 31254 and 270.
6
What is the highest common divisor of 3930 and 9182910?
30
What is the highest common factor of 6595849 and 191243?
4069
What is the greatest common divisor of 2041340 and 56?
28
Calculate the greatest common divisor of 1656 and 249624.
72
What is the highest common factor of 112257 and 43?
1
Calculate the highest common divisor of 121397 and 182964.
193
What is the highest common factor of 1399024 and 14102?
22
What is the greatest common factor of 15674 and 1182004?
922
What is the highest common factor of 219555 and 630?
315
Calculate the highest common divisor of 581587 and 1445.
17
Calculate the highest common factor of 220484 and 1172.
4
What is the highest common divisor of 64 and 91129664?
64
What is the greatest common factor of 510523163 and 29?
29
Calculate the greatest common factor of 188093 and 37045.
239
Calculate the greatest common factor of 282386 and 2054.
26
What is the greatest common factor of 32675 and 66657?
1307
What is the greatest common factor of 485 and 21193724?
97
Calculate the highest common factor of 12969 and 7755.
33
What is the greatest common factor of 2210 and 22050275?
1105
What is the greatest common factor of 2548 and 44767723?
637
Calculate the greatest common factor of 261133 and 14843596.
1171
What is the highest common divisor of 42 and 77742168?
42
Calculate the highest common factor of 120689640 and 360.
360
Calculate the greatest common factor of 1103001 and 40777.
337
What is the greatest common factor of 14931225 and 2025?
225
What is the greatest common divisor of 68728 and 8426?
22
What is the greatest common divisor of 462 and 66298386?
462
What is the highest common divisor of 298 and 2187023341?
149
What is the highest common divisor of 5740 and 314780?
20
What is the greatest common factor of 16209835 and 12505?
305
Calculate the highest common divisor of 10 and 1017326.
2
Calculate the greatest common factor of 186 and 21808806.
6
What is the greatest common factor of 42170 and 53620?
10
Calculate the greatest common divisor of 130807862 and 2.
2
What is the highest common divisor of 716006 and 578?
34
Calculate the greatest common divisor of 5059069 and 3583334.
4157
What is the highest common factor of 7390 and 570?
10
Calculate the greatest common divisor of 21467719 and 7735.
1547
Calculate the greatest common divisor of 92 and 135673964.
92
Calculate the highest common factor of 4014 and 7642210.
446
What is the greatest common factor of 549588 and 3211?
169
Calculate the greatest common factor of 708 and 11957943.
177
Calculate the greatest common divisor of 309 and 14683.
1
What is the greatest common factor of 9752 and 146531114?
